c*s = 15*s + 1308. What are the prime factors of s?
3, 109
Let o be (198/(-110))/(1 - 8/5). Suppose -4*p - 4*g + 407 = -o*p, -3*g + 409 = p. What are the prime factors of p?
5, 83
Let o(z) = 0*z**3 - 60 - 5*z**3 + 18*z + 6*z**3 - 15*z**2 - 47*z. List the prime factors of o(18).
2, 3, 5, 13
Let c(y) = -531*y**3 - 6*y**2 - 2*y + 14. What are the prime factors of c(-3)?
14303
Let n(w) be the second derivative of 3*w**3 + 1/6*w**4 + 24*w + 0 + 2*w**2. What are the prime factors of n(-10)?
2, 3
Suppose -y + 88113 + 21088 = 2*d, y = -5*d + 273013. List the prime factors of d.
2, 11, 17, 73
Let c(m) = 127*m**2 - 843*m - 10051. What are the prime factors of c(-12)?
18353
What are the prime factors of 26906 - (74/8 + 905/(-724))?
2, 3, 4483
Suppose 28*n - 9*n = -323. Let p be ((-2)/4)/(n/(-22984)). What are the prime factors of p/(-13) + 0 + -2?
2, 5
Suppose -5*i + 342165 = -4*j, 4219*j - 205299 = -3*i + 4218*j. What are the prime factors of i?
3, 22811
Let x(k) = 6*k + 485. What are the prime factors of x(23)?
7, 89
Let m(l) = 8*l - 203. Let c be m(25). List the prime factors of 39/12 + c + 9975/20.
499
Let p(x) = 23*x**2 - 3*x + 2. Suppose -5*r - 23 = 3*a - 4, 5*a - 3*r = 25. Let d be a/(-7) + (-117)/(-91). What are the prime factors of p(d)?
2, 11
Let z(r) = -r**3 - 13*r**2 + 14*r + 2. Let a be z(-14). Suppose 106 + 6 = -a*j. Let p = j - -112. What are the prime factors of p?
2, 7
Suppose c = -b + 9451, -4*b + 34420 = -3*c - 3419. List the prime factors of b.
2, 3, 197
Let d be 7/2*(-13 - -3). Let n = 201 - 102. Let m = n + d. List the prime factors of m.
2
Let l = -74 + 105. Let y be (552/10)/(-2) + (-8)/20. Let m = l + y. What are the prime factors of m?
3
Let t = -1486 - -8258. List the prime factors of t.
2, 1693
Suppose 3*q + 2 = 4*q. Suppose -5*z + 10*z - 314 = -q*i, 0 = 2*z + 5*i - 134. What are the prime factors of z?
2, 31
Let i(o) = 25*o + 1768. List the prime factors of i(-7).
3, 59
Let y = 64 + -62. Suppose p + y*a + 2*a - 139 = 0, 0 = 5*a + 20. Suppose -171 - p = -2*n. What are the prime factors of n?
163
Let d be ((-7634)/88)/((6/(-8))/(-3)). Let z = 519 + d. What are the prime factors of z?
2, 43
Let j = 18405 - 7310. List the prime factors of j.
5, 7, 317
Let j be (5068/(-35))/((-6)/15). Let v be (1 - j/(-6))/(2/3). Suppose 2*s = 3*b + 256 + v, -2*s + 5*b + 344 = 0. What are the prime factors of s?
3, 59
Let f = -2717 + 4346. List the prime factors of f.
3, 181
Let x be 3/21 + (-385)/(-49). Suppose -x*r - 56 = -22*r. Suppose -2*t + r*t = 368. What are the prime factors of t?
2, 23
Let h = -121 + 121. Suppose -3*f - x = -6, -5*f = -4*x - h - 27. List the prime factors of f/(1/(164*4/8)).
2, 3, 41
Suppose 2*q = 3*k - 75778, 3*q + 38409 + 87886 = 5*k. What are the prime factors of k?
2, 7, 11, 41
Suppose 5*f - p - p - 7355 = 0, -2*p = -f + 1463. Suppose 3*c - 5*s - f = -6*s, s = 2*c - 982. What are the prime factors of c?
491
Let b(c) = -c**3 - 51*c**2 - 101*c + 66. List the prime factors of b(-51).
3, 37, 47
Let k = -36455 - -59550. List the prime factors of k.
5, 31, 149
Let k(r) = r**2 + 4*r + 18. Suppose 0 = -8*w + 5*w + 63. Suppose -4*d = 2*b - 28, w = 2*d - 4*b - 3. What are the prime factors of k(d)?
2, 3, 19
Let c(l) = -2*l - 30. Let m be c(-15). Suppose 2*t - 819 + 25 = m. Suppose 2*f = n - 0*n + t, 4*f - 798 = -2*n. What are the prime factors of f?
199
List the prime factors of (-1)/8 + 19/152*(10384 - -1).
2, 11, 59
Let c(b) = -3 - 129*b + 0 + 13*b**2 - 5 + 87*b + 8*b**3 - 4. What are the prime factors of c(4)?
2, 3, 5
Let s = 12871 - 9055. What are the prime factors of s?
2, 3, 53
Let q(z) = -z**2 - 18*z + 8. Let s(b) = b**2 + 15*b + 31. Let d be s(-11). List the prime factors of q(d).
73
Let l(u) = 13338*u**2 - 15*u - 15. List the prime factors of l(-1).
2, 3, 13, 19
Suppose -2*i = -74 + 8. Let w = i - 23. Suppose -7 = w*r - 11*r. What are the prime factors of r?
7
Let l = 4153 + 24064. List the prime factors of l.
7, 29, 139
Suppose 0 = -y + 5, -x = -2*x - 5*y + 27. Suppose 3*i = -5*u + 5932, 0 = x*u - 6*u + 3*i + 4751. List the prime factors of u.
1187
Suppose 2*p = s - 102, 91 = 3*s - 4*p - 217. Let g = -134 - -210. Let r = s - g. What are the prime factors of r?
2, 7
Suppose 0 = -17*v + 22 + 63. List the prime factors of 24/(-10)*(v + 135/(-18)).
2, 3
Let i(k) = -k + 23. Let v be i(17). List the prime factors of (8 - v)*381/2.
3, 127
Let v(c) = -c**2 + 3*c + 5. Let s(t) = 6*t - 33. Let h be s(6). Let a be v(h). Suppose a*i = -11*i + 1456. What are the prime factors of i?
7, 13
Suppose -c - 3*g = -789, -c + 4*g = -122 - 681. What are the prime factors of 27/(-54) - c/(-2)?
397
Suppose 68*n - 65*n = 24. Suppose -n*j + 464 = -1080. What are the prime factors of j?
193
Let t(d) = d - 6. Let k = -10 + 23. Let a be t(k). Suppose 6*n = a*n - 100. List the prime factors of n.
2, 5
Let g(a) = a**3 + 20*a**2 + 18*a - 16. Let t be g(-19). Let i(z) = -45*z - 2. Let s be i(t). Let h = 241 + s. What are the prime factors of h?
2, 13
Let q(u) = 720*u - 86. What are the prime factors of q(15)?
2, 11, 487
Let o = -2996 + -22. What are the prime factors of (-309)/(-721) + o/(-14)?
2, 3
Let o(n) = -2*n**2 - 29*n - 14. Let q be o(-14). Suppose -4*l - i = -1022, -l + 252 = -q*l + 2*i. List the prime factors of l.
2
Suppose 4*c = -4*y + 60656, 53*c - 50*c + 5*y = 45506. List the prime factors of c.
23, 659
Let k(p) = -p**3 + 9*p**2 + 25*p - 7. Let c(l) = 5*l - 21. Let z(y) = y**2 + 22*y - 17. Let m be z(-23). Let r be c(m). List the prime factors of k(r).
2, 109
Let i(u) = -6 - 1 + 7*u - 2. Let b be (-67)/1407 - (-1266)/126. What are the prime factors of i(b)?
61
Suppose i - 993 = g, -3*i + 3403 - 426 = -5*g. Suppose 3*p - i = 92. What are the prime factors of p?
2, 181
Suppose -1501 = -5*y + 1004. Suppose -z + y = -3*c, z - 498 = 23*c - 19*c. List the prime factors of z.
2, 3, 5, 17
Suppose 3*y = -4*c + 23, -c + 0*c = -2. Suppose 4*f + 13*f = 119. Suppose -y*t = -f*t + 114. List the prime factors of t.
3, 19
Suppose 3*l - 5 - 43 = -4*w, 0 = l - 4*w. Let n(b) = 17*b**2 - 39*b - 22. List the prime factors of n(l).
2, 11, 89
Let y(p) = 797*p**2 + 20*p - 38. List the prime factors of y(-3).
5, 283
Let n = 79873 - 40068. List the prime factors of n.
5, 19, 419
Let r = 104 + -93. Suppose 3*d = 44 - r. Suppose -4*q + d*q - 497 = 0. List the prime factors of q.
71
Suppose -2*w - 35 + 69 = 0. Suppose -7*j = -w*j + 3710. List the prime factors of j.
7, 53
Suppose x + r = 6, 15*r - 66 = -5*x + 19*r. Suppose 43 + 1 = 4*p. What are the prime factors of (p + x)/(0 + 1)?
3, 7
Let g(b) = -591*b**3 - 4*b**2 + 126*b + 482. What are the prime factors of g(-4)?
2, 18869
Suppose -1829 = -5*y - 2*u + 1009, 4*u + 1708 = 3*y. What are the prime factors of 2/((-2836)/y - -5)?
2, 71
Suppose 15 - 30 = -n + 5*s, -47 = -5*n - 3*s. Suppose -2737 = -n*m + 2943. What are the prime factors of m?
2, 71
Suppose 0 = -20*w + 215719 + 103681. What are the prime factors of w?
2, 5, 1597
Suppose 373531 + 3833570 = 67*v - 307158. What are the prime factors of v?
3, 37, 607
Let y(a) = 2*a + 21*a**2 + 46*a**2 - 4 + 28*a**2 + 3. List the prime factors of y(-2).
3, 5
Let k(t) = -67*t**3 - 3*t**2 - 10*t - 66. List the prime factors of k(-5).
2, 19, 109
Let i = -46 - -48. Suppose 0 = -i*s - 5*b - 10, -s - 4*b - 7 = 1. Suppose -5*g + 3*g + 102 = s. List the prime factors of g.
3, 17
Let b(i) = i**2 + 6*i - 11. Let f be b(-8). Suppose f*j = -4*x + 4*j - 1, 5*j = -5. What are the prime factors of ((-290)/5 - -3)*(x - 1)?
5, 11
Let f = 10 - 0. Let t = 9 - f. Let j(g) = 60*g**2. List the prime factors of j(t).
2, 3, 5
What are the prime factors of (-2)/2 - -1 - (-4 + -579)?
11, 53
Let h = 49991 - 33784. List the prime factors of h.
19, 853
Suppose -7*s - 9*s = 6*s - 978054. What are the prime factors of s?
3, 7, 29, 73
Let x be -1*(-3)/(-3)*2. Let h(c) = -2*c**2 - 63*c - 388. Let r be h(-23). List the prime factors of ((-309)/(-4))/(r/(-16)*x).
2, 103
List the prime factors of ((-40)/15 + 1)*(-16 - (-3099568)/(-80)).
64601
What are the prime factors of (-182)/(-104) - (-43073)/4?
2, 3, 5, 359
Let i = -3560 + 18911. List the prime factors of i.
3, 7, 17, 43
Let h(z) = -z**3 + 8*z**2 - 8*z + 9. Let i be h(7). Suppose 36*j - 37*j = 0. Suppose j = 3*y - 12, -2*y - 141 - 21 = -i*n. List the 